{"id":5,"date":"2014-05-30T08:42:12","date_gmt":"2014-05-30T08:42:12","guid":{"rendered":""},"modified":"2021-09-22T14:32:04","modified_gmt":"2021-09-22T12:32:04","slug":"frontpage","status":"publish","type":"page","link":"https:\/\/redhorn.sk\/","title":{"rendered":"\u00davodn\u00e1 str\u00e1nka"},"content":{"rendered":"\t\t<div data-elementor-type=\"post\" data-elementor-id=\"5\" class=\"elementor elementor-5\" data-elementor-settings=\"[]\">\n\t\t\t<div class=\"elementor-inner\">\n\t\t\t\t<div class=\"elementor-section-wrap\">\n\t\t\t\t\t\t\t<section class=\"elementor-element elementor-element-6faa051f elementor-section-boxed elementor-section-height-default elementor-section-height-default elementor-section elementor-top-section\" data-id=\"6faa051f\" data-element_type=\"section\">\n\t\t\t\t\t\t<div class=\"elementor-container elementor-column-gap-default\">\n\t\t\t\t<div class=\"elementor-row\">\n\t\t\t\t<div class=\"elementor-element elementor-element-3637446 elementor-column elementor-col-100 elementor-top-column\" data-id=\"3637446\" data-element_type=\"column\">\n\t\t\t<div class=\"elementor-column-wrap  elementor-element-populated\">\n\t\t\t\t\t<div class=\"elementor-widget-wrap\">\n\t\t\t\t<div class=\"elementor-element elementor-element-28d86d31 elementor-widget elementor-widget-shortcode\" data-id=\"28d86d31\" data-element_type=\"widget\" data-widget_type=\"shortcode.default\">\n\t\t\t\t<div class=\"elementor-widget-container\">\n\t\t\t\t\t<div class=\"elementor-shortcode\">\t<div class=\"pixcode  pixcode--grid  grid\" >\n\t\t\t<div class=\"island grid__item six-twelfths palm-one-whole\" >\n\t\t\r\n<p style=\"text-align: center;\"><hgroup class=\"pixcode  pixcode--heading article__headline\">\n\t<h2 class=\"headline__secondary\"><span class=\"first-letter\">O<\/span> n\u00e1s<\/h2>\n\t<h1 class=\"headline__primary\">n\u00e1\u0161 pr\u00edbeh<\/h1>\n<\/hgroup><\/p>\r\n<p style=\"text-align: center;\"><div class=\"pixcode  pixcode--separator  separator separator--flower separator_color--color\">&#10043;<\/div>\n<\/p>\r\n<p style=\"text-align: center;\">Redhorn je miesto, kde sa dobre najete a str\u00e1vite pr\u00edjemn\u00fd \u010das. Priprav\u00edme v\u00e1m najlep\u0161ie T-Bone steaky v Nitre a okol\u00ed, exkluz\u00edvne hamburgery\r\ns dom\u00e1cimi hranolkami alebo origin\u00e1l taliansku pizzu z \u010derstv\u00fdch, \u0161pi\u010dkov\u00fdch surov\u00edn.<\/p>\r\n<p style=\"text-align: center;\"><a  class=\"pixcode  pixcode--btn  btn  btn--text\" href=\"index.php\/nas-pribeh\/\" >N\u00e1\u0161 pr\u00edbeh<\/a><\/p>\r\n\t<\/div>\n\t<div class=\"grid__item six-twelfths palm-one-whole\" >\n\t\t\r\n\r\n\n\t\t<style type='text\/css'>\n\t\t\t#gallery-0 {\n\t\t\t\tmargin: auto;\n\t\t\t}\n\t\t\t#gallery-0 .gallery-item {\n\t\t\t\tfloat: left;\n\t\t\t\ttext-align: center;\n\t\t\t\twidth: 50%;\n\t\t\t}\n\t\t\t\/* see gallery_shortcode() in wp-includes\/media.php *\/\n\t\t<\/style>\n\t\t<div id='gallery-0' class='gallery galleryid-5 gallery-columns-2 gallery-size-full'><figure class='gallery-item'>\n\t\t\t<div class='gallery-icon portrait'>\n\t\t\t\t<img width=\"773\" height=\"1160\" src=\"https:\/\/redhorn.sk\/wp-content\/uploads\/2019\/09\/img0-12.jpg\" class=\"attachment-full size-full\" alt=\"\" loading=\"lazy\" srcset=\"https:\/\/redhorn.sk\/wp-content\/uploads\/2019\/09\/img0-12.jpg 773w, https:\/\/redhorn.sk\/wp-content\/uploads\/2019\/09\/img0-12-200x300.jpg 200w, https:\/\/redhorn.sk\/wp-content\/uploads\/2019\/09\/img0-12-768x1152.jpg 768w, https:\/\/redhorn.sk\/wp-content\/uploads\/2019\/09\/img0-12-682x1024.jpg 682w, https:\/\/redhorn.sk\/wp-content\/uploads\/2019\/09\/img0-12-400x600.jpg 400w\" sizes=\"(max-width: 773px) 100vw, 773px\" \/>\n\t\t\t<\/div><\/figure><figure class='gallery-item'>\n\t\t\t<div class='gallery-icon portrait'>\n\t\t\t\t<img width=\"773\" height=\"1160\" src=\"https:\/\/redhorn.sk\/wp-content\/uploads\/2019\/09\/img0-1.jpg\" class=\"attachment-full size-full\" alt=\"\" loading=\"lazy\" srcset=\"https:\/\/redhorn.sk\/wp-content\/uploads\/2019\/09\/img0-1.jpg 773w, https:\/\/redhorn.sk\/wp-content\/uploads\/2019\/09\/img0-1-200x300.jpg 200w, https:\/\/redhorn.sk\/wp-content\/uploads\/2019\/09\/img0-1-768x1152.jpg 768w, https:\/\/redhorn.sk\/wp-content\/uploads\/2019\/09\/img0-1-682x1024.jpg 682w, https:\/\/redhorn.sk\/wp-content\/uploads\/2019\/09\/img0-1-400x600.jpg 400w\" sizes=\"(max-width: 773px) 100vw, 773px\" \/>\n\t\t\t<\/div><\/figure>\n\t\t<\/div>\n\r\n\r\n\t<\/div>\n\t<\/div>\n<\/div>\n\t\t\t\t<\/div>\n\t\t\t\t<\/div>\n\t\t\t\t\t\t<\/div>\n\t\t\t<\/div>\n\t\t<\/div>\n\t\t\t\t\t\t<\/div>\n\t\t\t<\/div>\n\t\t<\/section>\n\t\t\t\t<section class=\"elementor-element elementor-element-1d5110b elementor-section-boxed elementor-section-height-default elementor-section-height-default elementor-section elementor-top-section\" data-id=\"1d5110b\" data-element_type=\"section\">\n\t\t\t\t\t\t<div class=\"elementor-container elementor-column-gap-default\">\n\t\t\t\t<div class=\"elementor-row\">\n\t\t\t\t<div class=\"elementor-element elementor-element-78eb3fd elementor-column elementor-col-100 elementor-top-column\" data-id=\"78eb3fd\" data-element_type=\"column\">\n\t\t\t<div class=\"elementor-column-wrap  elementor-element-populated\">\n\t\t\t\t\t<div class=\"elementor-widget-wrap\">\n\t\t\t\t<div class=\"elementor-element elementor-element-915bb3e elementor-aspect-ratio-169 elementor-widget elementor-widget-video\" data-id=\"915bb3e\" data-element_type=\"widget\" data-settings=\"{&quot;aspect_ratio&quot;:&quot;169&quot;}\" data-widget_type=\"video.default\">\n\t\t\t\t<div class=\"elementor-widget-container\">\n\t\t\t\t\t<div class=\"elementor-wrapper elementor-fit-aspect-ratio elementor-open-inline\">\n\t\t\t\t\t<video class=\"elementor-video\" src=\"http:\/\/redhorn.sk\/wp-content\/uploads\/2019\/09\/redhornsteakhouseinstagram-1.mp4\" autoplay=\"\" controls=\"\" muted=\"muted\" controlsList=\"nodownload\" poster=\"http:\/\/redhorn.sk\/wp-content\/uploads\/2019\/09\/videobg.jpg\"><\/video>\n\t\t\t\t<\/div>\n\t\t\t\t<\/div>\n\t\t\t\t<\/div>\n\t\t\t\t\t\t<\/div>\n\t\t\t<\/div>\n\t\t<\/div>\n\t\t\t\t\t\t<\/div>\n\t\t\t<\/div>\n\t\t<\/section>\n\t\t\t\t\t\t<\/div>\n\t\t\t<\/div>\n\t\t<\/div>\n\t\t","protected":false},"excerpt":{"rendered":"<p>http:\/\/redhorn.sk\/wp-content\/uploads\/2019\/09\/redhornsteakhouseinstagram-1.mp4<\/p>\n","protected":false},"author":1,"featured_media":1025,"parent":0,"menu_order":0,"comment_status":"closed","ping_status":"closed","template":"","meta":[],"_links":{"self":[{"href":"https:\/\/redhorn.sk\/index.php\/wp-json\/wp\/v2\/pages\/5"}],"collection":[{"href":"https:\/\/redhorn.sk\/index.php\/wp-json\/wp\/v2\/pages"}],"about":[{"href":"https:\/\/redhorn.sk\/index.php\/wp-json\/wp\/v2\/types\/page"}],"author":[{"embeddable":true,"href":"https:\/\/redhorn.sk\/index.php\/wp-json\/wp\/v2\/users\/1"}],"replies":[{"embeddable":true,"href":"https:\/\/redhorn.sk\/index.php\/wp-json\/wp\/v2\/comments?post=5"}],"version-history":[{"count":26,"href":"https:\/\/redhorn.sk\/index.php\/wp-json\/wp\/v2\/pages\/5\/revisions"}],"predecessor-version":[{"id":1129,"href":"https:\/\/redhorn.sk\/index.php\/wp-json\/wp\/v2\/pages\/5\/revisions\/1129"}],"wp:featuredmedia":[{"embeddable":true,"href":"https:\/\/redhorn.sk\/index.php\/wp-json\/wp\/v2\/media\/1025"}],"wp:attachment":[{"href":"https:\/\/redhorn.sk\/index.php\/wp-json\/wp\/v2\/media?parent=5"}],"curies":[{"name":"wp","href":"https:\/\/api.w.org\/{rel}","templated":true}]}}